
{"id":17229,"date":"2025-02-24T10:02:41","date_gmt":"2025-02-24T09:02:41","guid":{"rendered":"https:\/\/konfigurator.adams.com.pl\/?post_type=product&#038;p=17229"},"modified":"2025-02-25T09:09:03","modified_gmt":"2025-02-25T08:09:03","slug":"energooszczedna-rozworka-lato-zima","status":"publish","type":"product","link":"https:\/\/konfigurator.adams.com.pl\/en\/sklep\/dodatki-okuc\/energooszczedna-rozworka-lato-zima\/","title":{"rendered":"ENERGOOSZCZ\u0118DNA ROZW\u00d3RKA LATO-ZIMA"},"content":{"rendered":"","protected":false},"excerpt":{"rendered":"<h2>Wygodna wentylacja dzi\u0119ki ograniczeniu szeroko\u015bci uchy\u0142u<\/h2>\n<p>Energooszcz\u0119dna rozw\u00f3rka ZIMA\/LATO jest rozwi\u0105zaniem, kt\u00f3re umo\u017cliwia dopasowanie ilo\u015bci wpuszczanego powietrza do warunk\u00f3w klimatycznych na zewn\u0105trz. W\u00a0ten spos\u00f3b za pomoc\u0105 prostego ruchu r\u0119ki mo\u017cna zniwelowa\u0107 nieprzyjemne przeci\u0105gi i wysokie koszty energii.<\/p>\n<ul>\n<li>Summer ventilation: standard tilt<\/li>\n<li>Winter ventilation: tilt approx. 40 mm<\/li>\n<li>Switching from summer to winter ventilation without the use of tools.<\/li>\n<li>Integrated protection against slamming of an open window.<\/li>\n<li>Quick installation and easy subsequent mounting<\/li>\n<\/ul>\n<p><img fetchpriority=\"high\" decoding=\"async\" class=\"alignnone size-medium wp-image-17231\" src=\"https:\/\/konfigurator.adams.com.pl\/wp-content\/uploads\/2025\/02\/ROZWORKA-300x249.jpg\" alt=\"\" width=\"300\" height=\"249\" \/><img decoding=\"async\" class=\"alignnone size-medium wp-image-17230\" src=\"https:\/\/konfigurator.adams.com.pl\/wp-content\/uploads\/2025\/02\/ROZWORKA-ZIMA-300x249.jpg\" alt=\"\" width=\"300\" height=\"249\" \/><\/p>","protected":false},"featured_media":17230,"template":"","meta":[],"product_cat":[151],"product_tag":[],"class_list":{"0":"post-17229","1":"product","2":"type-product","3":"status-publish","4":"has-post-thumbnail","6":"product_cat-dodatki-okuc","8":"first","9":"instock","10":"virtual","11":"purchasable","12":"product-type-simple"},"composite_virtual":false,"composite_layout":"","composite_add_to_cart_form_location":"","composite_editable_in_cart":false,"composite_sold_individually_context":"","composite_shop_price_calc":"","composite_components":[],"composite_scenarios":[],"bundled_by":["17239"],"bundle_stock_status":"instock","bundle_stock_quantity":null,"bundle_virtual":false,"bundle_layout":"","bundle_add_to_cart_form_location":"","bundle_editable_in_cart":false,"bundle_sold_individually_context":"","bundle_item_grouping":"","bundle_min_size":"","bundle_max_size":"","bundle_price":[],"bundled_items":[],"bundle_sell_ids":[],"_links":{"self":[{"href":"https:\/\/konfigurator.adams.com.pl\/en\/wp-json\/wp\/v2\/product\/17229","targetHints":{"allow":["GET"]}}],"collection":[{"href":"https:\/\/konfigurator.adams.com.pl\/en\/wp-json\/wp\/v2\/product"}],"about":[{"href":"https:\/\/konfigurator.adams.com.pl\/en\/wp-json\/wp\/v2\/types\/product"}],"version-history":[{"count":2,"href":"https:\/\/konfigurator.adams.com.pl\/en\/wp-json\/wp\/v2\/product\/17229\/revisions"}],"predecessor-version":[{"id":17248,"href":"https:\/\/konfigurator.adams.com.pl\/en\/wp-json\/wp\/v2\/product\/17229\/revisions\/17248"}],"wp:featuredmedia":[{"embeddable":true,"href":"https:\/\/konfigurator.adams.com.pl\/en\/wp-json\/wp\/v2\/media\/17230"}],"wp:attachment":[{"href":"https:\/\/konfigurator.adams.com.pl\/en\/wp-json\/wp\/v2\/media?parent=17229"}],"wp:term":[{"taxonomy":"product_cat","embeddable":true,"href":"https:\/\/konfigurator.adams.com.pl\/en\/wp-json\/wp\/v2\/product_cat?post=17229"},{"taxonomy":"product_tag","embeddable":true,"href":"https:\/\/konfigurator.adams.com.pl\/en\/wp-json\/wp\/v2\/product_tag?post=17229"}],"curies":[{"name":"wp","href":"https:\/\/api.w.org\/{rel}","templated":true}]}}

ENERGOOSZCZĘDNA ROZWÓRKA LATO-ZIMA

<h2>Wygodna wentylacja dzięki ograniczeniu szerokości uchyłu</h2>
<p>Energooszczędna rozwórka ZIMA/LATO jest rozwiązaniem, które umożliwia dopasowanie ilości wpuszczanego powietrza do warunków klimatycznych na zewnątrz. W ten sposób za pomocą prostego ruchu ręki można zniwelować nieprzyjemne przeciągi i wysokie koszty energii.</p>
<ul>
<li>Summer ventilation: standard tilt</li>
<li>Winter ventilation: tilt approx. 40 mm</li>
<li>Switching from summer to winter ventilation without the use of tools.</li>
<li>Integrated protection against slamming of an open window.</li>
<li>Quick installation and easy subsequent mounting</li>
</ul>
<p><img fetchpriority="high" decoding="async" class="alignnone size-medium wp-image-17231" src="https://konfigurator.adams.com.pl/wp-content/uploads/2025/02/ROZWORKA-300x249.jpg" alt="" width="300" height="249" /><img decoding="async" class="alignnone size-medium wp-image-17230" src="https://konfigurator.adams.com.pl/wp-content/uploads/2025/02/ROZWORKA-ZIMA-300x249.jpg" alt="" width="300" height="249" /></p>
